*h**4/3 + h**3/6 - 17*h**2. Let t be o(1). Let w = t - -114. Is w a prime number?
False
Let v(z) = -47*z**3 + 36*z**2 - 17*z - 65. Is v(-13) a composite number?
True
Let n(s) = -405*s + 17. Let r be (-120)/96 - (-21)/4. Suppose -r*v = -5*i + 34, -6*i + 2*i = -v - 14. Is n(v) prime?
True
Let i(u) = -7*u + 20. Let j be i(4). Let w be 0 + 1/(4*(-1)/j). Let s(t) = 99*t**2 - 4*t + 3. Is s(w) composite?
True
Let q(b) = 2486*b**2 - 69*b - 302. Is q(-5) a prime number?
False
Is 90/(-495) + (-128)/22 + 91373 prime?
True
Suppose -2*o + 28457 = -4*w - 34945, w = 0. Is o a prime number?
False
Let g be (5 + 1442/21)*93. Suppose -g = -c - 2*a, -2*c + 3*a - a + 13672 = 0. Is c composite?
False
Let x = -74 - -79. Suppose b - x*b + 25796 = 0. Is b prime?
True
Let l = 2246 - 897. Suppose -5*z = -l + 64. Let b = z - -924. Is b composite?
False
Let r be (12/(-15))/(7/(-70)). Let c be -24*(-35)/90*-3*-446. Suppose 0*h = -r*h + c. Is h a prime number?
False
Let j be ((-16)/(-6))/((-14)/(-9681)). Let a = j + 3401. Is a a prime number?
False
Is (-6)/4*437752/(-84) a composite number?
False
Let j be ((-3)/3 - -19) + 3. Let t(b) = j - 6*b + 12*b - 7*b. Is t(-14) a composite number?
True
Suppose 0 = -8*q + 11*q + 5*s - 356391, 2*s - 237586 = -2*q. Is q prime?
True
Suppose 4*j - 312770 = -6*h, 4*j + 81824 = 2*h - 22390. Is h a composite number?
True
Is 145881 - ((-12 - -20) + 12) a composite number?
False
Let n = -196314 + 468811. Is n composite?
True
Suppose y = 4*y - 3*v - 252, -2*v - 251 = -3*y. Let q = y + -37. Suppose q*l - 50*l + 8392 = 0. Is l composite?
True
Let r = 43643 - -7875. Is r composite?
True
Let s(f) = 763*f**2 - 4*f - 7. Let c be s(-2). Suppose 3*n - c - 94 = 0. Is n a composite number?
False
Suppose -5*l - u = 0, 3*u = 2*l + 5*u. Suppose -v + g + 6540 = l, -5*v - g = -4*g - 32690. Is v prime?
False
Let p = 31 + -1. Suppose -26*u + p*u = -1024. Let f = u - -459. Is f a composite number?
True
Suppose -2*l + 14*l - 30*l + 1817982 = 0. Is l composite?
False
Let l be 3259 - 3/(12/16). Suppose 5439 = -2*y + 7*y - 2*f, 0 = -3*y + 4*f + l. Is 5/20 - y/(-12) a prime number?
False
Let h(f) = -5*f**3 - 16*f**2 - f + 39. Is h(-16) composite?
True
Let i(s) = -s**3 + 7*s**2 + 17*s + 17. Let p be i(9). Is ((-28532)/p)/((-3)/6) a prime number?
False
Suppose 5*p + 0*p - 20 = 0. Suppose -3021 = p*s - s. Let u = s + 2089. Is u a composite number?
True
Let p be (119076/24 - 6) + 2/4. Let z = -3017 + p. Is z a prime number?
False
Suppose 0 = 5*w - 1814 + 6554. Let x = w + 1701. Is x a prime number?
False
Let b(p) = 1 + 13*p - 3*p - 53*p**3 + 5*p**2 - 14. Is b(-4) prime?
False
Let q(s) = 31*s**2 - 16*s - 410. Is q(49) composite?
False
Suppose -745586 = -2*y - 4*g, 3*y + 4720*g - 4722*g = 1118355. Is y a composite number?
True
Let w(r) = -23*r + 215. Let c be w(-41). Suppose -36*t = -21918 - c. Is t a prime number?
True
Let n be (-5163)/(-7) + 1 + (-165)/(-385). Suppose 2*z = -p + 891, -4*z - n = -p + 146. Is p a prime number?
False
Suppose 0 = 6*m - 933857 + 41099. Is m composite?
False
Let m = -21258 - -13610. Let n = 14631 + m. Is n a prime number?
True
Let s = 61149 + -16190. Is s prime?
True
Let k = -315 - -317. Suppose -k*h - b + 4134 = b, -2*b = -4*h + 8238. Is h composite?
True
Suppose -3*d + 2*k = -166, -3*d = 5*k - 22 - 151. Let q = d + -52. Is q + 8*167 + 3 a composite number?
True
Suppose -3*k - 26 = -2*u, -k = 3*u - u - 42. Is u + -13 - -751*5 prime?
True
Suppose 3*y - 73722 = -4*q + 94893, y = -5*q + 56227. Is y composite?
False
Let i(k) = 91142*k + 7. Is i(3) a prime number?
True
Is -17 - (-14)/28*1177516 prime?
False
Suppose -3*a = -n + 4350 + 11979, 4*a - 16308 = -n. Suppose n + 35389 = 7*c. Suppose -9*s = -c + 2410. Is s a composite number?
True
Let r = 83658 - 13235. Is r prime?
True
Let w(n) = -916*n + 106. Let b be w(-12). Suppose -b = -j + 29649. Is j composite?
True
Suppose r + 14 = 5*q, -r = -2*q + 6*q - 4. Is q/(-11) - 258279/(-539) a composite number?
False
Let u be (-1)/2*2298/(-3). Suppose 1264 + 4420 = 49*f. Let m = u + f. Is m prime?
True
Let p(r) = 11324*r - 16. Let w be p(6). Suppose 10*d - w = 2*d. Is d prime?
False
Suppose 2*b + 5 = 5*c - 14, 0 = -c + 3*b - 4. Is c/((-3)/(-3))*2819 a prime number?
False
Let n = 293919 - 129710. Is n a prime number?
True
Suppose 2*a = o - 346 + 1774, 3*o - 2846 = -4*a. Let x = 17599 - a. Is x prime?
False
Is (419772/(-60))/(16/(-1840)) composite?
True
Is -14 + (-6)/(72/(-1660620)) a prime number?
True
Let l be 531/4*(46 + -94). Let v = 45829 - l. Is v a prime number?
True
Suppose 0 = -9*n + 1469647 + 1035620. Is n a prime number?
True
Let f(z) = -z**3 + 23*z**2 + 25*z - 22. Let h be f(24). Is 4 - ((-10782)/12)/(h/4) composite?
False
Let n = -199297 + 479700. Is n composite?
True
Let b = -2852 + 1391. Is 8/(-72)*3*b a composite number?
False
Let z(f) = -2127*f**3 + 5*f**2 + 8*f + 1. Let m be z(-2). Suppose -2*l - 2*l + m = 3*j, 0 = -3*l + 2*j + 12753. Is l prime?
True
Suppose 2*q - 3*q = -g - 10715, -4 = 2*g. Suppose -26091 = -6*w + q. Is w a prime number?
False
Let b be 3/2 + 2/4. Let j be (0 + (-85)/b)/(5/(-80)). Let y = 1429 - j. Is y prime?
False
Let o be (-846)/((-9)/(1125/2)). Suppose 4*g = 2*n - 35238, 3*n = 17*g - 20*g + o. Is n prime?
True
Let g(u) = 2*u - 60. Let s be g(30). Let m be s + 7 + (-11 - (-3 - 4)). Suppose 3*v - m = 0, -5*d = -3*v - 4813 + 1271. Is d composite?
False
Suppose -2*r + 7*j = 3*j + 18, -3*j = 2*r + 39. Is 2/(r/((-220905)/6)) composite?
False
Let s = -16473 + 33398. Suppose 22*j - s = 32641. Is j a prime number?
False
Let p = 79 + -233. Let c = p + 294. Let j = 297 - c. Is j composite?
False
Is (4 + -4 + -1)*(-27604 + 21 + -12) a prime number?
False
Let v = 20 - 32. Let f be v/(-18) - (-26)/6. Suppose 0 = 5*i - u - 4662, 687 = f*i - 2*u - 3972. Is i a composite number?
True
Is (2/8)/((-109)/(-32053412)) a composite number?
False
Let n = -38 + 43. Let k be (4 + n/(-1))*-2. Suppose k*c = -c + 2151. Is c a prime number?
False
Suppose -3*v = -2*m + 54, -4*m - 2*v = -133 - 7. Suppose -3*o = -3168 - m. Is o a composite number?
True
Let n = 115 + -146. Let l(a) = -365*a + 68. Is l(n) prime?
True
Suppose -45*l + 65656975 + 89066120 = 0. Is l a composite number?
True
Let y be (-85 - (-2 + 3)) + 0. Let v = 923 + -614. Let n = v + y. Is n a composite number?
False
Let t(i) = i**3 + 5*i**2 - 12*i + 4. Let g be t(-12). Let p = 1351 + g. Is p prime?
True
Suppose 70*x = 11212238 - 1222468. Is x prime?
True
Let b = -12604 + 46431. Is b composite?
False
Let t be 9/6*(3/3 + 1). Let c be 11183 + 6 + t + 1. Suppose -4*w = 3989 - c. Is w a composite number?
False
Suppose -11*s - 5038 = 4*h - 10*s, -s = h + 1258. Let j = h + 1941. Is j composite?
True
Let v(x) = 6007*x**2 - 11*x - 19. Is v(-2) prime?
False
Let b(v) = 2*v**3 - 13*v**2 + 5*v + 3. Let s be b(6). Let a(x) = x**2 + 3*x + 6. Let o be a(s). Suppose -935 = -o*y + y. Is y a prime number?
False
Let p = -31930 - -53828. Is p a prime number?
False
Suppose 33 = -4*g - 4*o - 7, 5*o = -20. Is ((-15)/g)/(-1*(-3)/2514) composite?
True
Suppose -12814 = -5*k + 3*r + 14693, -3*k + 16504 = -2*r. Suppose 0 = z - k + 1093. Is z a prime number?
True
Let q(n) = 151*n - 7. Suppose 2*c - 3*i = 6*c - 35, -2*i = -10. Suppose -p - 33 = -4*b, c*b - 11 = -5*p + 24. Is q(b) prime?
True
Suppose -4*l + 21707 + 8548 = p, 5*p - 151422 = l. Is p a composite number?
True
Let n(m) = -5522*m - 1603. Is n(-27) composite?
True
Let r(m) = 2*m**3 + 4*m**2 - 5*m - 8. Let p = -118 + 123. Is r(p) composite?
False
Suppose 8*a = -4*j + 7*a + 4, 0 = -2*j - a. Suppose -2*f = -5*r - 17437, 5*f - j*r - 16632 = 26929. Is f a prime number?
False
Let n(t) = 801*t**3 + 19*t**2 - 10*t - 5. Is n(7) prime?
True
Suppose -2*o - 8 = 0, 3*v + 5*o = -37 - 7. Let j(r) = -r**3 + 7*r**2 + 18*r + 2. Is j(v) prime?
False
Suppose 3*c + 2576 = 5*v, -4*v + 1032 = -2*v - 2*c. Let i = -148 + 150. Suppose -m - 5*z = -158, 3*z - v = -3*m - i*z. Is m prime?
False
Let p(h) = -20*h - 34. Let c be p(-2). Suppose 5*d - 1740 - 29162 = -4*q, 0 = 3*d - c. Is q a prime number?
True
Suppose -1351 = 3*n + 221. Let o = 950 + n. Let m = 721 - o. Is m prime?
False
Is (-6 + -249066 + 3)*5/(-15) composite?
False
Suppose -3*v = 3*q - 735531, -5*q - v - 596436 = -1822297. Is q composite?
False
Suppose -127*w + 669565 = -1